et z be v(o). Suppose 0 = -z*u + 31*u - 8. Calculate the greatest common factor of 10 and u.
2
Let n(b) = -30*b + 1236. Let h be n(41). Calculate the greatest common divisor of h and 510.
6
Let d be (34 - (19 - 8))*(0 + 13). Calculate the highest common factor of 207 and d.
23
Let p be 27 + ((-5)/(-10)*8 - -5). What is the greatest common factor of 8676 and p?
36
Let l(p) = p**3 + 29*p**2 - 81*p - 489. Let d be l(-31). What is the greatest common divisor of 1920 and d?
20
Suppose -3*v - 4*t = -1456, -2*v - 659*t + 663*t = -944. What is the greatest common factor of 330 and v?
30
Suppose -6 = -53*d + 51*d. Suppose n - 1537 = -2*i - 19, -d*i = -n - 2277. What is the highest common divisor of 138 and i?
69
Suppose -8*d - 7*d + 26*d - 179531 = 0. Calculate the greatest common factor of d and 19.
19
Let u = -107 + 122. Let y = u - -19. Suppose -y*d + 27*d = -546. Calculate the greatest common divisor of 26 and d.
26
Suppose 6*d = -0*d + 3*d + 6. Calculate the greatest common divisor of d and 1622.
2
Suppose -4*b + 6156 = 4*r, -281*r - 1533 = -282*r - 3*b. Calculate the greatest common divisor of r and 6.
6
Suppose 4*h - 9*h + y + 2071 = 0, 5*h - 2116 = -4*y. What is the highest common factor of 858 and h?
26
Let b(j) = 7*j. Let x be b(2). Suppose 9*k = 11*k. Let q be (-60)/(-8) + k + 2/(-4). Calculate the greatest common divisor of q and x.
7
Let i = 378 + -143. Suppose -4*w + 4*h + 400 = 0, 4*h - 138 + 38 = -w. Let f = i - w. What is the highest common divisor of 15 and f?
15
Let r = 223 - 214. Suppose -2782 = -r*u - 325. Calculate the highest common divisor of 21 and u.
21
Let a(x) = 3*x + 35. Let n be a(-18). Let h(q) = -q**2 - 19*q + 3. Let p be h(n). Suppose 0 = p*o - 41 - 103. Calculate the greatest common factor of o and 12.
12
Let z be (318/15)/(4/320). Calculate the greatest common divisor of z and 53.
53
Let a(k) = 38*k - 4. Let d be a(2). Let u be (-24)/(-2)*(-296)/(-222). Calculate the greatest common factor of d and u.
8
Let g(a) = -2*a**2 + 0*a**2 - 8 + 4*a**2 - a**2 + 3*a. Let t be g(4). Suppose 0 = -3*s - 45 + 105. What is the greatest common factor of t and s?
20
Let o = -15360 - -15503. What is the greatest common divisor of o and 132?
11
Let l be 656/3*(-18)/(-12). Suppose -4*w - 480 = 4*q, -3*w + 7*q - 5*q = 365. Let i = 162 + w. Calculate the highest common factor of l and i.
41
Let j(y) be the second derivative of -y**3 - 7/12*y**4 + 0 - 2*y + 3*y**2 - 1/20*y**5. Let c be j(-6). Calculate the highest common divisor of 24 and c.
6
Suppose 24 + 213 = b - 4*o, -486 = -2*b + 11*o. Calculate the highest common divisor of 357 and b.
17
Let g(l) = -l**3 - l**2 - 182. Let y be g(0). Let q = -168 - y. What is the highest common divisor of 98 and q?
14
Let g be (-422 + -10)/(-4) + -10. Let n be (0 - 1)/(2/(-294)). What is the highest common factor of n and g?
49
Suppose -4*o = 4*k - 5368, k + 4*o = -0*k + 1336. Calculate the highest common divisor of k and 36.
12
Let g(c) = 7*c**2 + 6*c - 10. Let t be g(3). Suppose 91 = 4*h + t. Calculate the greatest common factor of h and 220.
5
Suppose 555 - 2905 - 410 = -23*b. Calculate the greatest common factor of b and 1410.
30
Let x be -4 + (-28)/36 - (-4)/(-18). Let w be (-75)/x + 3 - 0. Let o be 0 + 5 - (7 + w/(-6)). What is the highest common factor of 17 and o?
1
Let q = -177 - -169. Let d be 3 + 46 + (-1)/((-4)/q). What is the highest common factor of 423 and d?
47
Suppose 0 = 397*u - 399*u + 288. What is the greatest common divisor of u and 64?
16
Let a(s) = 0*s - 36 + 30 + 3*s**2 + 3*s - 4*s**2 + 4*s**3. Let o be a(2). What is the greatest common divisor of o and 896?
28
Let s(u) = 32*u**2 + 49*u + 226. Let o be s(-12). What is the highest common divisor of o and 154?
22
Suppose -16*m + 19*m - 2*g = 13657, -m - 3*g = -4545. Calculate the highest common divisor of 111 and m.
111
Let q(h) = 6*h - 4*h**2 + 0 - 4*h + 1 + h**3. Let t be ((-394)/(-30) - 8) + 4/(-30). Let y be q(t). What is the highest common divisor of 24 and y?
12
Let p be (-4)/(-14) - (-284)/(-14). Let m = 30 + p. Let x(b) = b**2 - 6*b - 170. Let i be x(-14). Calculate the greatest common factor of i and m.
10
Let w = -2509 + 2664. What is the highest common divisor of w and 217?
31
Suppose 9*o + 6600 = 84*o. Let u be (6*3/12)/((-3)/(-1144)). What is the highest common divisor of o and u?
44
Suppose 127*q - 44020 = 123*q + 3*o, -6*q = -3*o - 66042. What is the greatest common divisor of q and 91?
91
Let j = 2899 + -3295. Let s = 21 + -13. Let c be (4/s)/(1185/j + 3). Calculate the greatest common divisor of 6 and c.
6
Let q = -15 - -16. Let j be 4/(0 + q) - -8. Suppose j*h - 132 = -0. What is the greatest common factor of h and 154?
11
Let x = -1033 + 2508. Calculate the highest common factor of x and 125.
25
Let s(u) = 137*u - 914. Let v be s(8). What is the greatest common divisor of v and 14?
14
Suppose -5*p = d + 2, 5*p + 0*p + 2*d + 4 = 0. Suppose p = -l + 5, -6*l + 3*l + 49 = z. Calculate the greatest common factor of 153 and z.
17
Let w be ((-252)/(-15))/(276/1035). Suppose -11*g = -10*g - 504. What is the highest common divisor of w and g?
63
Suppose 0 = 19*y - 21*y - 6. Let g be 7/y - (3 + (-50)/15). Let n(l) = 75*l**2 + 9*l + 14. Let z be n(g). Calculate the greatest common factor of z and 37.
37
Let x be ((-1190)/40 + 14)/(11/(-8) - -1). What is the highest common divisor of 1818 and x?
6
Let l(h) = 74*h**3 - 3*h**2 - 111*h + 113. Let r be l(1). Calculate the highest common divisor of r and 73.
73
Let r be (-246)/1845 - (-497)/15. Calculate the highest common factor of r and 1386.
33
Let j = -41 + 107. Suppose 15*s - 4653 = -28*s - 4*s. What is the greatest common divisor of s and j?
33
Let a = -152 - -372. Suppose 0 = v - 2*u - 325 + 43, 3*v = -5*u + 791. Let y = v + -228. Calculate the greatest common factor of y and a.
44
Let c be 328/(-18) + (-528)/54 + 10. Let p = 35 - 55. Let q be ((-171)/c)/((-2)/p). Calculate the greatest common divisor of q and 19.
19
Suppose 12*m - 5*m = 7. Let w(a) = -a**2 - 5*a + 3. Let h = -29 + 24. Let b be w(h). What is the highest common factor of b and m?
1
Let h = -51 + 57. Let u be ((-5)/15)/((-1)/h). Suppose 0*j + 3*j + 21 = y, 0 = u*j - 2. Calculate the highest common divisor of 12 and y.
12
Suppose -2*q + 5 = 3*z - 184, 3*q - 255 = -4*z. What is the greatest common divisor of 6 and z?
3
Suppose -59*g + 814 = -54*g - 1581. What is the greatest common divisor of 1 and g?
1
Let f = -76 - 22. Let t = f + 149. Suppose -2*q = -2*j + 26, -4*q + 22 = 2*j - 7*q. Calculate the highest common divisor of t and j.
17
Suppose -13*j - 77 = -3*h - 15*j, -h = 4*j - 19. What is the greatest common factor of h and 72?
9
Let d = 0 + 24. Let h = -25 + d. Let y(q) = 187*q**2 - 3*q - 1. Let i be y(h). What is the highest common factor of 21 and i?
21
Suppose 31 + 50 = 3*a. Suppose 5547*i = 217*i + 4605120. What is the highest common divisor of i and a?
27
Suppose -317*v = -330*v + 65. Suppose 4*t = 112 - 16. Suppose -v*d + t = -36. Calculate the highest common factor of d and 4.
4
Let s = 180 + 6. Suppose -s = -4*r - 2*q, 0 = -r - r - 2*q + 98. What is the greatest common divisor of r and 308?
44
Suppose 4*q = -5*y + 223, -5*q + 79 = 2*y - 0*y. What is the highest common factor of y and 1457?
47
Suppose 1612*g - 1632*g = -800. Calculate the greatest common divisor of g and 1050.
10
Let r = 228 - 224. Suppose 5*l - 160 = -r*o, l + 4*o + o - 53 = 0. Calculate the greatest common divisor of 518 and l.
14
Suppose 4889*x = 4893*x - 3792. Calculate the highest common divisor of x and 18.
6
Let i = 4 - 10. Let c be (i - -2 - -7)/(9/(-132)). Let u be ((-1)/4)/(5/10)*c. What is the highest common factor of u and 66?
22
Let w(z) = 8 - 11 + 3 + 2*z**2 - 3*z + 12*z**3. Let j be w(1). Let x = 33 - 22. What is the greatest common divisor of x and j?
11
Let c = 68 - 66. Suppose c*l = 8 + 20. What is the greatest common factor of 224 and l?
14
Suppose -29 = -12*a + 631. Suppose 592 = -a*c + 57*c. Calculate the highest common factor of 37 and c.
37
Let z(h) = 4*h**3 - 88*h**2 + 86*h - 31. Let v be z(21). Calculate the greatest common factor of v and 21263.
11
Let j = -849 - -1224. Suppose 0 = -4*k + 3*k - 3*f + j, 0 = 2*f + 2. Calculate the highest common divisor of 54 and k.
54
Let z be 2363970/560 - 6/16. Wha